{"id":1296,"date":"2024-11-13T10:10:14","date_gmt":"2024-11-13T10:10:14","guid":{"rendered":"https:\/\/museoralli.es\/irrealidades\/?page_id=1296"},"modified":"2025-12-10T13:51:57","modified_gmt":"2025-12-10T12:51:57","slug":"memorias-digitales","status":"publish","type":"page","link":"https:\/\/museoralli.es\/irrealidades\/memorias-digitales\/","title":{"rendered":"Memorias digitales"},"content":{"rendered":"\t\t<div data-elementor-type=\"wp-page\" data-elementor-id=\"1296\" class=\"elementor elementor-1296\" data-elementor-post-type=\"page\">\n\t\t\t\t<div class=\"elementor-element elementor-element-dd82219 e-flex e-con-boxed e-con e-parent\" data-id=\"dd82219\" data-element_type=\"container\" data-settings=\"{&quot;background_background&quot;:&quot;classic&quot;,&quot;jet_parallax_layout_list&quot;:[]}\">\n\t\t\t\t\t<div class=\"e-con-inner\">\n\t\t<div class=\"elementor-element elementor-element-da80758 e-con-full e-flex e-con e-child\" data-id=\"da80758\" data-element_type=\"container\" data-settings=\"{&quot;jet_parallax_layout_list&quot;:[]}\">\n\t\t\t\t<div class=\"elementor-element elementor-element-81a33ec elementor-widget__width-initial elementor-widget-mobile__width-inherit elementor-widget elementor-widget-heading\" data-id=\"81a33ec\" data-element_type=\"widget\" data-widget_type=\"heading.default\">\n\t\t\t\t<div class=\"elementor-widget-container\">\n\t\t\t\t\t<h1 class=\"elementor-heading-title elementor-size-default\">Memorias digitales<\/h1>\t\t\t\t<\/div>\n\t\t\t\t<\/div>\n\t\t\t\t<div class=\"elementor-element elementor-element-3ae0bec elementor-widget__width-initial elementor-widget elementor-widget-text-editor\" data-id=\"3ae0bec\" data-element_type=\"widget\" data-widget_type=\"text-editor.default\">\n\t\t\t\t<div class=\"elementor-widget-container\">\n\t\t\t\t\t\t\t\t\t<p>Este mural conforma una memoria colectiva del proyecto, te invitamos a formar parte de ella generando tu propia memoria en imagen con la ayuda de nuestra <strong>Inteligencia Artificial en Museos<\/strong>.<\/p>\t\t\t\t\t\t\t\t<\/div>\n\t\t\t\t<\/div>\n\t\t<div class=\"elementor-element elementor-element-dfcf634 e-con-full e-flex e-con e-child\" data-id=\"dfcf634\" data-element_type=\"container\" data-settings=\"{&quot;background_background&quot;:&quot;classic&quot;,&quot;jet_parallax_layout_list&quot;:[]}\">\n\t\t<div class=\"elementor-element elementor-element-2420f7e e-con-full e-flex e-con e-child\" data-id=\"2420f7e\" data-element_type=\"container\" data-settings=\"{&quot;background_background&quot;:&quot;classic&quot;,&quot;jet_parallax_layout_list&quot;:[]}\">\n\t\t\t\t<\/div>\n\t\t<div class=\"elementor-element elementor-element-eb45502 e-con-full e-flex e-con e-child\" data-id=\"eb45502\" data-element_type=\"container\" data-settings=\"{&quot;background_background&quot;:&quot;classic&quot;,&quot;jet_parallax_layout_list&quot;:[]}\">\n\t\t\t\t<div class=\"elementor-element elementor-element-ccaf9ef elementor-widget__width-initial elementor-widget elementor-widget-heading\" data-id=\"ccaf9ef\" data-element_type=\"widget\" data-widget_type=\"heading.default\">\n\t\t\t\t<div class=\"elementor-widget-container\">\n\t\t\t\t\t<h2 class=\"elementor-heading-title elementor-size-default\">Recomendaciones<\/h2>\t\t\t\t<\/div>\n\t\t\t\t<\/div>\n\t\t\t\t<div class=\"elementor-element elementor-element-d8d82a2 elementor-widget__width-inherit elementor-widget-tablet__width-inherit elementor-widget elementor-widget-text-editor\" data-id=\"d8d82a2\" data-element_type=\"widget\" data-widget_type=\"text-editor.default\">\n\t\t\t\t<div class=\"elementor-widget-container\">\n\t\t\t\t\t\t\t\t\t<div>Para generar tu memoria solo tendr\u00e1s que hacer clic en \u00abGenera tu memoria\u00bb e introducir la descripci\u00f3n del recuerdo en el cuadro de texto que aparecer\u00e1. Podr\u00e1s elegir entre varios estilos art\u00edsticos. Pru\u00e9balos, juega, experimenta, modifica tantas veces como necesites volviendo a generar una imagen y elige la opci\u00f3n que m\u00e1s te guste para plasmar tu recuerdo. Aseg\u00farate de escribir los elementos que quieres que est\u00e9n presentes con precisi\u00f3n y evita el uso de la primera persona.\u00a0<\/div><div>\u00a0<\/div><div>\u00bfTe animas?<\/div>\t\t\t\t\t\t\t\t<\/div>\n\t\t\t\t<\/div>\n\t\t\t\t<div class=\"elementor-element elementor-element-9e8fc1a elementor-align-left lightbrownbutton elementor-widget elementor-widget-button\" data-id=\"9e8fc1a\" data-element_type=\"widget\" data-widget_type=\"button.default\">\n\t\t\t\t<div class=\"elementor-widget-container\">\n\t\t\t\t\t\t\t\t\t<div class=\"elementor-button-wrapper\">\n\t\t\t\t\t<a class=\"elementor-button elementor-button-link elementor-size-sm\" href=\"https:\/\/museoralli.es\/irrealidades\/memorias\/\" target=\"_blank\">\n\t\t\t\t\t\t<span class=\"elementor-button-content-wrapper\">\n\t\t\t\t\t\t<span class=\"elementor-button-icon\">\n\t\t\t\t<svg xmlns=\"http:\/\/www.w3.org\/2000\/svg\" width=\"24\" height=\"24\" viewBox=\"0 0 24 24\" fill=\"none\"><mask id=\"mask0_40000016_617\" style=\"mask-type:alpha\" maskUnits=\"userSpaceOnUse\" x=\"0\" y=\"-1\" width=\"25\" height=\"25\"><rect x=\"0.431641\" y=\"-0.0195312\" width=\"24\" height=\"24\" fill=\"#D9D9D9\"><\/rect><\/mask><g mask=\"url(#mask0_40000016_617)\"><path d=\"M6.4 17.9805L16 8.38047V16.9805H18V4.98047H6V6.98047H14.6L5 16.5805L6.4 17.9805Z\" fill=\"#F2E9E4\"><\/path><\/g><\/svg>\t\t\t<\/span>\n\t\t\t\t\t\t\t\t\t<span class=\"elementor-button-text\">Genera tu memoria<\/span>\n\t\t\t\t\t<\/span>\n\t\t\t\t\t<\/a>\n\t\t\t\t<\/div>\n\t\t\t\t\t\t\t\t<\/div>\n\t\t\t\t<\/div>\n\t\t\t\t<\/div>\n\t\t\t\t<\/div>\n\t\t\t\t<\/div>\n\t\t\t\t\t<\/div>\n\t\t\t\t<\/div>\n\t\t<div class=\"elementor-element elementor-element-1bc2aca e-flex e-con-boxed e-con e-parent\" data-id=\"1bc2aca\" data-element_type=\"container\" data-settings=\"{&quot;background_background&quot;:&quot;classic&quot;,&quot;jet_parallax_layout_list&quot;:[]}\">\n\t\t\t\t\t<div class=\"e-con-inner\">\n\t\t\t\t<div class=\"elementor-element elementor-element-3bb8ae8 elementor-widget__width-inherit elementor-widget elementor-widget-heading\" data-id=\"3bb8ae8\" data-element_type=\"widget\" data-widget_type=\"heading.default\">\n\t\t\t\t<div class=\"elementor-widget-container\">\n\t\t\t\t\t<h2 class=\"elementor-heading-title elementor-size-default\">Mural de memorias<\/h2>\t\t\t\t<\/div>\n\t\t\t\t<\/div>\n\t\t\t\t<div class=\"elementor-element elementor-element-3f5b871 elementor-widget elementor-widget-shortcode\" data-id=\"3f5b871\" data-element_type=\"widget\" data-widget_type=\"shortcode.default\">\n\t\t\t\t<div class=\"elementor-widget-container\">\n\t\t\t\t\t\t\t<div class=\"elementor-shortcode\"><div class=\"digitale-memoria-grid-wrapper\" data-page=\"1\" data-max-pages=\"66\" data-per-page=\"12\"><div class=\"digitale-memoria-grid jet-listing-grid__items\"><div class=\"jet-listing-grid__item digitale-memoria-item\" data-post-id=\"7082\" data-lightbox-image=\"https:\/\/museoralli.es\/irrealidades\/wp-content\/uploads\/2026\/05\/69f9c09649e41-image.webp\" data-lightbox-title=\"As a small girl, I was standing om my dads feet on the dancefloor on a party. He laughed and we were all over the dancefloor.\"><div class=\"digitale-memoria-card Hovereffect\" style=\"background-image: url('https:\/\/museoralli.es\/irrealidades\/wp-content\/uploads\/2026\/05\/69f9c09649e41-image.webp');\"><div class=\"digitale-memoria-card-inner\"><div class=\"digitale-memoria-card-title\">As a small girl, I was standing om my dads feet on the dancefloor on a party. He laughed and we were all over the dancefloor.<\/div><\/div><\/div><\/div><div class=\"jet-listing-grid__item digitale-memoria-item\" data-post-id=\"7079\" data-lightbox-image=\"https:\/\/museoralli.es\/irrealidades\/wp-content\/uploads\/2026\/05\/69f9bfaa320f6-image.webp\" data-lightbox-title=\"When i was young, around five years old, i was swimming in a pool and my father was chasing me, pretending to be a shark. I still have a slight fear of sharks in swimming pools now.\"><div class=\"digitale-memoria-card Hovereffect\" style=\"background-image: url('https:\/\/museoralli.es\/irrealidades\/wp-content\/uploads\/2026\/05\/69f9bfaa320f6-image.webp');\"><div class=\"digitale-memoria-card-inner\"><div class=\"digitale-memoria-card-title\">When i was young, around five years old, i was swimming in a pool and my father was chasing me, pretending to be a shark. I still have a slight fear of sharks in swimming pools now.<\/div><\/div><\/div><\/div><div class=\"jet-listing-grid__item digitale-memoria-item\" data-post-id=\"7076\" data-lightbox-image=\"https:\/\/museoralli.es\/irrealidades\/wp-content\/uploads\/2026\/05\/69f9bf4b8fcd7-image.webp\" data-lightbox-title=\"When i was young, around five years old, i was swimming in a pool and my father was chasing me, pretending to be a shark. I still have a slight fear of sharks in swimming pools now.\"><div class=\"digitale-memoria-card Hovereffect\" style=\"background-image: url('https:\/\/museoralli.es\/irrealidades\/wp-content\/uploads\/2026\/05\/69f9bf4b8fcd7-image.webp');\"><div class=\"digitale-memoria-card-inner\"><div class=\"digitale-memoria-card-title\">When i was young, around five years old, i was swimming in a pool and my father was chasing me, pretending to be a shark. I still have a slight fear of sharks in swimming pools now.<\/div><\/div><\/div><\/div><div class=\"jet-listing-grid__item digitale-memoria-item\" data-post-id=\"7073\" data-lightbox-image=\"https:\/\/museoralli.es\/irrealidades\/wp-content\/uploads\/2026\/05\/69f5d9dc175a4-image.webp\" data-lightbox-title=\"A brief encounter at a beach in thailand bringing comfort\"><div class=\"digitale-memoria-card Hovereffect\" style=\"background-image: url('https:\/\/museoralli.es\/irrealidades\/wp-content\/uploads\/2026\/05\/69f5d9dc175a4-image.webp');\"><div class=\"digitale-memoria-card-inner\"><div class=\"digitale-memoria-card-title\">A brief encounter at a beach in thailand bringing comfort<\/div><\/div><\/div><\/div><div class=\"jet-listing-grid__item digitale-memoria-item\" data-post-id=\"7070\" data-lightbox-image=\"https:\/\/museoralli.es\/irrealidades\/wp-content\/uploads\/2026\/05\/69f5d952b4b30-image.webp\" data-lightbox-title=\"No thoughts only hungry\"><div class=\"digitale-memoria-card Hovereffect\" style=\"background-image: url('https:\/\/museoralli.es\/irrealidades\/wp-content\/uploads\/2026\/05\/69f5d952b4b30-image.webp');\"><div class=\"digitale-memoria-card-inner\"><div class=\"digitale-memoria-card-title\">No thoughts only hungry<\/div><\/div><\/div><\/div><div class=\"jet-listing-grid__item digitale-memoria-item\" data-post-id=\"7067\" data-lightbox-image=\"https:\/\/museoralli.es\/irrealidades\/wp-content\/uploads\/2026\/05\/69f5d93b91a41-image.webp\" data-lightbox-title=\"No thoughts only hungry\"><div class=\"digitale-memoria-card Hovereffect\" style=\"background-image: url('https:\/\/museoralli.es\/irrealidades\/wp-content\/uploads\/2026\/05\/69f5d93b91a41-image.webp');\"><div class=\"digitale-memoria-card-inner\"><div class=\"digitale-memoria-card-title\">No thoughts only hungry<\/div><\/div><\/div><\/div><div class=\"jet-listing-grid__item digitale-memoria-item\" data-post-id=\"7064\" data-lightbox-image=\"https:\/\/museoralli.es\/irrealidades\/wp-content\/uploads\/2026\/05\/69f5d8f13d9e0-image.webp\" data-lightbox-title=\"Depressed software developer\"><div class=\"digitale-memoria-card Hovereffect\" style=\"background-image: url('https:\/\/museoralli.es\/irrealidades\/wp-content\/uploads\/2026\/05\/69f5d8f13d9e0-image.webp');\"><div class=\"digitale-memoria-card-inner\"><div class=\"digitale-memoria-card-title\">Depressed software developer<\/div><\/div><\/div><\/div><div class=\"jet-listing-grid__item digitale-memoria-item\" data-post-id=\"7061\" data-lightbox-image=\"https:\/\/museoralli.es\/irrealidades\/wp-content\/uploads\/2026\/05\/69f5d8b77c5c6-image.webp\" data-lightbox-title=\"Visting Gibraltar but forgetting my pasaporte\"><div class=\"digitale-memoria-card Hovereffect\" style=\"background-image: url('https:\/\/museoralli.es\/irrealidades\/wp-content\/uploads\/2026\/05\/69f5d8b77c5c6-image.webp');\"><div class=\"digitale-memoria-card-inner\"><div class=\"digitale-memoria-card-title\">Visting Gibraltar but forgetting my pasaporte<\/div><\/div><\/div><\/div><div class=\"jet-listing-grid__item digitale-memoria-item\" data-post-id=\"7058\" data-lightbox-image=\"https:\/\/museoralli.es\/irrealidades\/wp-content\/uploads\/2026\/05\/69f5d856bcfe9-image.webp\" data-lightbox-title=\"Cats\"><div class=\"digitale-memoria-card Hovereffect\" style=\"background-image: url('https:\/\/museoralli.es\/irrealidades\/wp-content\/uploads\/2026\/05\/69f5d856bcfe9-image.webp');\"><div class=\"digitale-memoria-card-inner\"><div class=\"digitale-memoria-card-title\">Cats<\/div><\/div><\/div><\/div><div class=\"jet-listing-grid__item digitale-memoria-item\" data-post-id=\"7055\" data-lightbox-image=\"https:\/\/museoralli.es\/irrealidades\/wp-content\/uploads\/2026\/05\/69f4ab3ada12b-image.webp\" data-lightbox-title=\"Porche 911\"><div class=\"digitale-memoria-card Hovereffect\" style=\"background-image: url('https:\/\/museoralli.es\/irrealidades\/wp-content\/uploads\/2026\/05\/69f4ab3ada12b-image.webp');\"><div class=\"digitale-memoria-card-inner\"><div class=\"digitale-memoria-card-title\">Porche 911<\/div><\/div><\/div><\/div><div class=\"jet-listing-grid__item digitale-memoria-item\" data-post-id=\"7052\" data-lightbox-image=\"https:\/\/museoralli.es\/irrealidades\/wp-content\/uploads\/2026\/05\/69f4aae65acd9-image.webp\" data-lightbox-title=\"Porche 911 picasso\"><div class=\"digitale-memoria-card Hovereffect\" style=\"background-image: url('https:\/\/museoralli.es\/irrealidades\/wp-content\/uploads\/2026\/05\/69f4aae65acd9-image.webp');\"><div class=\"digitale-memoria-card-inner\"><div class=\"digitale-memoria-card-title\">Porche 911 picasso<\/div><\/div><\/div><\/div><div class=\"jet-listing-grid__item digitale-memoria-item\" data-post-id=\"7049\" data-lightbox-image=\"https:\/\/museoralli.es\/irrealidades\/wp-content\/uploads\/2026\/05\/69f4aac886b08-image.webp\" data-lightbox-title=\"Porche 911 Salvador Dali\"><div class=\"digitale-memoria-card Hovereffect\" style=\"background-image: url('https:\/\/museoralli.es\/irrealidades\/wp-content\/uploads\/2026\/05\/69f4aac886b08-image.webp');\"><div class=\"digitale-memoria-card-inner\"><div class=\"digitale-memoria-card-title\">Porche 911 Salvador Dali<\/div><\/div><\/div><\/div><\/div><div class=\"digitale-memoria-loading\" style=\"display: none;\"><div class=\"loading-spinner\"><\/div><\/div><\/div><div id=\"digitale-memoria-lightbox\" class=\"digitale-memoria-lightbox\"><div class=\"lightbox-overlay\"><\/div><div class=\"lightbox-content\"><button class=\"lightbox-close\" aria-label=\"Close\">&times;<\/button><div class=\"lightbox-inner\"><div class=\"lightbox-image-container\"><img decoding=\"async\" src=\"\" alt=\"\" class=\"lightbox-image\"><\/div><div class=\"lightbox-info\"><h2 class=\"lightbox-title\"><\/h2><\/div><\/div><\/div><\/div><\/div>\n\t\t\t\t\t\t<\/div>\n\t\t\t\t<\/div>\n\t\t\t\t\t<\/div>\n\t\t\t\t<\/div>\n\t\t\t\t<\/div>\n\t\t","protected":false},"excerpt":{"rendered":"<p>Memorias digitales Este mural conforma una memoria colectiva del proyecto, te invitamos a formar parte de ella generando tu propia memoria en imagen con la ayuda de nuestra Inteligencia Artificial en Museos. Recomendaciones Para generar tu memoria solo tendr\u00e1s que hacer clic en \u00abGenera tu memoria\u00bb e introducir la descripci\u00f3n del recuerdo en el cuadro [&hellip;]<\/p>\n","protected":false},"author":1,"featured_media":0,"parent":0,"menu_order":0,"comment_status":"closed","ping_status":"closed","template":"elementor_header_footer","meta":{"footnotes":""},"class_list":["post-1296","page","type-page","status-publish","hentry"],"yoast_head":"<!-- This site is optimized with the Yoast SEO plugin v26.0 - https:\/\/yoast.com\/wordpress\/plugins\/seo\/ -->\n<title>Memorias digitales | Inteligencia artificial en museos<\/title>\n<meta name=\"description\" content=\"Crea tus memorias digitales en imagen con la ayuda de la inteligencia artificial en museos. Disfruta de este proyecto pedag\u00f3gico de la mano de Museo Ralli.\" \/>\n<meta name=\"robots\" content=\"index, follow, max-snippet:-1, max-image-preview:large, max-video-preview:-1\" \/>\n<link rel=\"canonical\" href=\"https:\/\/museoralli.es\/irrealidades\/memorias-digitales\/\" \/>\n<meta property=\"og:locale\" content=\"es_ES\" \/>\n<meta property=\"og:type\" content=\"article\" \/>\n<meta property=\"og:title\" content=\"Memorias digitales | Inteligencia artificial en museos\" \/>\n<meta property=\"og:description\" content=\"Crea tus memorias digitales en imagen con la ayuda de la inteligencia artificial en museos. Disfruta de este proyecto pedag\u00f3gico de la mano de Museo Ralli.\" \/>\n<meta property=\"og:url\" content=\"https:\/\/museoralli.es\/irrealidades\/memorias-digitales\/\" \/>\n<meta property=\"og:site_name\" content=\"(i)realidades\" \/>\n<meta property=\"article:modified_time\" content=\"2025-12-10T12:51:57+00:00\" \/>\n<meta name=\"twitter:card\" content=\"summary_large_image\" \/>\n<meta name=\"twitter:label1\" content=\"Tiempo de lectura\" \/>\n\t<meta name=\"twitter:data1\" content=\"1 minuto\" \/>\n<script type=\"application\/ld+json\" class=\"yoast-schema-graph\">{\"@context\":\"https:\/\/schema.org\",\"@graph\":[{\"@type\":\"WebPage\",\"@id\":\"https:\/\/museoralli.es\/irrealidades\/memorias-digitales\/\",\"url\":\"https:\/\/museoralli.es\/irrealidades\/memorias-digitales\/\",\"name\":\"Memorias digitales | Inteligencia artificial en museos\",\"isPartOf\":{\"@id\":\"https:\/\/museoralli.es\/irrealidades\/#website\"},\"datePublished\":\"2024-11-13T10:10:14+00:00\",\"dateModified\":\"2025-12-10T12:51:57+00:00\",\"description\":\"Crea tus memorias digitales en imagen con la ayuda de la inteligencia artificial en museos. Disfruta de este proyecto pedag\u00f3gico de la mano de Museo Ralli.\",\"breadcrumb\":{\"@id\":\"https:\/\/museoralli.es\/irrealidades\/memorias-digitales\/#breadcrumb\"},\"inLanguage\":\"es\",\"potentialAction\":[{\"@type\":\"ReadAction\",\"target\":[\"https:\/\/museoralli.es\/irrealidades\/memorias-digitales\/\"]}]},{\"@type\":\"BreadcrumbList\",\"@id\":\"https:\/\/museoralli.es\/irrealidades\/memorias-digitales\/#breadcrumb\",\"itemListElement\":[{\"@type\":\"ListItem\",\"position\":1,\"name\":\"Portada\",\"item\":\"https:\/\/museoralli.es\/irrealidades\/home\/\"},{\"@type\":\"ListItem\",\"position\":2,\"name\":\"Memorias digitales\"}]},{\"@type\":\"WebSite\",\"@id\":\"https:\/\/museoralli.es\/irrealidades\/#website\",\"url\":\"https:\/\/museoralli.es\/irrealidades\/\",\"name\":\"(i)realidades Museo Ralli\",\"description\":\"Un proyecto educativo art\u00edstico del Museo Ralli Marbella\",\"publisher\":{\"@id\":\"https:\/\/museoralli.es\/irrealidades\/#organization\"},\"potentialAction\":[{\"@type\":\"SearchAction\",\"target\":{\"@type\":\"EntryPoint\",\"urlTemplate\":\"https:\/\/museoralli.es\/irrealidades\/?s={search_term_string}\"},\"query-input\":{\"@type\":\"PropertyValueSpecification\",\"valueRequired\":true,\"valueName\":\"search_term_string\"}}],\"inLanguage\":\"es\"},{\"@type\":\"Organization\",\"@id\":\"https:\/\/museoralli.es\/irrealidades\/#organization\",\"name\":\"(i)realidades\",\"url\":\"https:\/\/museoralli.es\/irrealidades\/\",\"logo\":{\"@type\":\"ImageObject\",\"inLanguage\":\"es\",\"@id\":\"https:\/\/museoralli.es\/irrealidades\/#\/schema\/logo\/image\/\",\"url\":\"https:\/\/museoralli.es\/irrealidades\/wp-content\/uploads\/2025\/05\/Logo-vectorial-1.jpg\",\"contentUrl\":\"https:\/\/museoralli.es\/irrealidades\/wp-content\/uploads\/2025\/05\/Logo-vectorial-1.jpg\",\"width\":438,\"height\":75,\"caption\":\"(i)realidades\"},\"image\":{\"@id\":\"https:\/\/museoralli.es\/irrealidades\/#\/schema\/logo\/image\/\"}}]}<\/script>\n<!-- \/ Yoast SEO plugin. -->","yoast_head_json":{"title":"Memorias digitales | Inteligencia artificial en museos","description":"Crea tus memorias digitales en imagen con la ayuda de la inteligencia artificial en museos. Disfruta de este proyecto pedag\u00f3gico de la mano de Museo Ralli.","robots":{"index":"index","follow":"follow","max-snippet":"max-snippet:-1","max-image-preview":"max-image-preview:large","max-video-preview":"max-video-preview:-1"},"canonical":"https:\/\/museoralli.es\/irrealidades\/memorias-digitales\/","og_locale":"es_ES","og_type":"article","og_title":"Memorias digitales | Inteligencia artificial en museos","og_description":"Crea tus memorias digitales en imagen con la ayuda de la inteligencia artificial en museos. Disfruta de este proyecto pedag\u00f3gico de la mano de Museo Ralli.","og_url":"https:\/\/museoralli.es\/irrealidades\/memorias-digitales\/","og_site_name":"(i)realidades","article_modified_time":"2025-12-10T12:51:57+00:00","twitter_card":"summary_large_image","twitter_misc":{"Tiempo de lectura":"1 minuto"},"schema":{"@context":"https:\/\/schema.org","@graph":[{"@type":"WebPage","@id":"https:\/\/museoralli.es\/irrealidades\/memorias-digitales\/","url":"https:\/\/museoralli.es\/irrealidades\/memorias-digitales\/","name":"Memorias digitales | Inteligencia artificial en museos","isPartOf":{"@id":"https:\/\/museoralli.es\/irrealidades\/#website"},"datePublished":"2024-11-13T10:10:14+00:00","dateModified":"2025-12-10T12:51:57+00:00","description":"Crea tus memorias digitales en imagen con la ayuda de la inteligencia artificial en museos. Disfruta de este proyecto pedag\u00f3gico de la mano de Museo Ralli.","breadcrumb":{"@id":"https:\/\/museoralli.es\/irrealidades\/memorias-digitales\/#breadcrumb"},"inLanguage":"es","potentialAction":[{"@type":"ReadAction","target":["https:\/\/museoralli.es\/irrealidades\/memorias-digitales\/"]}]},{"@type":"BreadcrumbList","@id":"https:\/\/museoralli.es\/irrealidades\/memorias-digitales\/#breadcrumb","itemListElement":[{"@type":"ListItem","position":1,"name":"Portada","item":"https:\/\/museoralli.es\/irrealidades\/home\/"},{"@type":"ListItem","position":2,"name":"Memorias digitales"}]},{"@type":"WebSite","@id":"https:\/\/museoralli.es\/irrealidades\/#website","url":"https:\/\/museoralli.es\/irrealidades\/","name":"(i)realidades Museo Ralli","description":"Un proyecto educativo art\u00edstico del Museo Ralli Marbella","publisher":{"@id":"https:\/\/museoralli.es\/irrealidades\/#organization"},"potentialAction":[{"@type":"SearchAction","target":{"@type":"EntryPoint","urlTemplate":"https:\/\/museoralli.es\/irrealidades\/?s={search_term_string}"},"query-input":{"@type":"PropertyValueSpecification","valueRequired":true,"valueName":"search_term_string"}}],"inLanguage":"es"},{"@type":"Organization","@id":"https:\/\/museoralli.es\/irrealidades\/#organization","name":"(i)realidades","url":"https:\/\/museoralli.es\/irrealidades\/","logo":{"@type":"ImageObject","inLanguage":"es","@id":"https:\/\/museoralli.es\/irrealidades\/#\/schema\/logo\/image\/","url":"https:\/\/museoralli.es\/irrealidades\/wp-content\/uploads\/2025\/05\/Logo-vectorial-1.jpg","contentUrl":"https:\/\/museoralli.es\/irrealidades\/wp-content\/uploads\/2025\/05\/Logo-vectorial-1.jpg","width":438,"height":75,"caption":"(i)realidades"},"image":{"@id":"https:\/\/museoralli.es\/irrealidades\/#\/schema\/logo\/image\/"}}]}},"_links":{"self":[{"href":"https:\/\/museoralli.es\/irrealidades\/wp-json\/wp\/v2\/pages\/1296","targetHints":{"allow":["GET"]}}],"collection":[{"href":"https:\/\/museoralli.es\/irrealidades\/wp-json\/wp\/v2\/pages"}],"about":[{"href":"https:\/\/museoralli.es\/irrealidades\/wp-json\/wp\/v2\/types\/page"}],"author":[{"embeddable":true,"href":"https:\/\/museoralli.es\/irrealidades\/wp-json\/wp\/v2\/users\/1"}],"replies":[{"embeddable":true,"href":"https:\/\/museoralli.es\/irrealidades\/wp-json\/wp\/v2\/comments?post=1296"}],"version-history":[{"count":175,"href":"https:\/\/museoralli.es\/irrealidades\/wp-json\/wp\/v2\/pages\/1296\/revisions"}],"predecessor-version":[{"id":6019,"href":"https:\/\/museoralli.es\/irrealidades\/wp-json\/wp\/v2\/pages\/1296\/revisions\/6019"}],"wp:attachment":[{"href":"https:\/\/museoralli.es\/irrealidades\/wp-json\/wp\/v2\/media?parent=1296"}],"curies":[{"name":"wp","href":"https:\/\/api.w.org\/{rel}","templated":true}]}}